 when 39924450 is divided by 1050643?
16
What is the remainder when 5435795 is divided by 1811632?
899
Calculate the remainder when 10005091 is divided by 87.
4
What is the remainder when 3355895 is divided by 925?
920
What is the remainder when 228596205 is divided by 318?
315
Calculate the remainder when 8669 is divided by 2297.
1778
What is the remainder when 7170339 is divided by 233?
230
What is the remainder when 6403274 is divided by 13509?
8
What is the remainder when 2250438 is divided by 1449?
141
Calculate the remainder when 530257 is divided by 88023.
2119
Calculate the remainder when 4793508 is divided by 435769.
49
What is the remainder when 9657374 is divided by 7?
6
Calculate the remainder when 835840 is divided by 7417.
5136
Calculate the remainder when 981962 is divided by 1763.
1734
Calculate the remainder when 6141723 is divided by 4224.
27
What is the remainder when 1206190 is divided by 130?
50
What is the remainder when 128500 is divided by 4932?
268
What is the remainder when 4457222 is divided by 96896?
6
Calculate the remainder when 5724451 is divided by 263.
256
What is the remainder when 476107 is divided by 1852?
143
Calculate the remainder when 1103101 is divided by 183850.
1
Calculate the remainder when 78577973 is divided by 1997.
17
Calculate the remainder when 58761 is divided by 58748.
13
Calculate the remainder when 2914059 is divided by 101.
7
What is the remainder when 73717 is divided by 3085?
2762
Calculate the remainder when 403464 is divided by 13448.
24
What is the remainder when 177167 is divided by 8833?
507
What is the remainder when 3690262 is divided by 7165?
287
Calculate the remainder when 41932 is divided by 2095.
32
Calculate the remainder when 96120657 is divided by 277.
272
What is the remainder when 34912 is divided by 124?
68
Calculate the remainder when 20861687 is divided by 112.
7
Calculate the remainder when 767712 is divided by 132.
0
Calculate the remainder when 8234487 is divided by 8234487.
0
Calculate the remainder when 362003 is divided by 259.
180
What is the remainder when 5829612 is divided by 1943200?
12
Calculate the remainder when 13801 is divided by 251.
247
Calculate the remainder when 107662302 is divided by 507841.
10
What is the remainder when 2422444 is divided by 6164?
6156
Calculate the remainder when 68621142 is divided by 965.
957
Calculate the remainder when 18085738 is divided by 6028575.
13
What is the remainder when 10708354 is divided by 5354172?
10
What is the remainder when 206731 is divided by 3134?
3021
What is the remainder when 2733232 is divided by 1366610?
12
What is the remainder when 14540462 is divided by 4647?
4646
Calculate the remainder when 5514630 is divided by 14.
2
Calculate the remainder when 206423 is divided by 78.
35
Calculate the remainder when 938357 is divided by 433.
46
Calculate the remainder when 2456331 is divided by 1658.
833
Calculate the remainder when 7628491 is divided by 1794.
403
What is the remainder when 229631203 is divided by 114815588?
27
Calculate the remainder when 50680076 is divided by 243.
239
Calculate the remainder when 69676 is divided by 23075.
451
What is the remainder when 336871 is divided by 151?
141
What is the remainder when 31586 is divided by 10?
6
Calculate the remainder when 449964 is divided by 950.
614
Calculate the remainder when 94120331 is divided by 1694.
1691
What is the remainder when 10220162 is divided by 781?
777
What is the remainder when 1120105 is divided by 35003?
9
Calculate the remainder when 4787605 is divided by 5045.
4945
Calculate the remainder when 41925 is divided by 67.
50
What is the remainder when 550855 is divided by 3796?
435
What is the remainder when 59023655 is divided by 26?
15
Calculate the remainder when 5368388 is divided by 1789336.
380
What is the remainder when 41256 is divided by 2160?
216
Calculate the remainder when 977829 is divided by 21252.
237
Calculate the remainder when 26467467 is divided by 9409.
9359
What is the remainder when 1013857 is divided by 17?
11
What is the remainder when 185152 is divided by 632?
608
Calculate the remainder when 1786280 is divided by 327.
206
What is the remainder when 25042 is divided by 692?
130
Calculate the remainder when 1442628 is divided by 1442571.
57
What is the remainder when 1815243 is divided by 462?
45
What is the remainder when 189178400 is divided by 4745?
4740
Calculate the remainder when 1528307 is divided by 44950.
7
Calculate the remainder when 28432 is divided by 233.
6
Calculate the remainder when 5672303 is divided by 111.
92
Calculate the remainder when 88058 is divided by 86608.
1450
Calculate the remainder when 29325 is divided by 129.
42
Calculate the remainder when 26848 is divided by 26011.
837
Calculate the remainder when 490160 is divided by 2635.
50
Calculate the remainder when 493934 is divided by 493771.
163
Calculate the remainder when 57372011 is divided by 14.
11
Calculate the remainder when 456907 is divided by 252.
31
What is the remainder when 3470774 is divided by 196?
6
Calculate the remainder when 81919568 is divided by 9083.
9074
What is the remainder when 5630651 is divided by 1446?
1373
Calculate the remainder when 10313834 is divided by 8992.
10
What is the remainder when 5565216 is divided by 306?
300
What is the remainder when 12287648 is divided by 2828?
2816
Calculate the remainder when 15445470 is divided by 7722698.
74
Calculate the remainder when 48464980 is divided by 154.
102
What is the remainder when 313910 is divided by 156262?
1386
What is the remainder when 6100680 is divided by 210365?
95
What is the remainder when 1056775095 is divided by 17?
15
Calculate the remainder when 49404 is divided by 1648.
1612
Calculate the remainder when 49761886 is divided by 1909.
1892
Calculate the remainder when 938518 is divided by 187.
152
What is the remainder when 58300545 is divided by 58?
47
What is the remainder when 10449 is divided by 1001?
439
What is the remainder when 154086 is divided by 51230?
396
Calculate the remainder when 4542063 is divided by 215.
188
What is the remainder when 5919932 is divided by 144388?
24
What is the remainder when 327754 is divided by 1781?
50
What is the remainder when 56521750 is divided by 12?
10
Calculate the remainder when 294282 is divided by 43.
33
Calculate the remainder when 1224607 is divided by 30614.
47
Calculate the remainder when 4232359 is divided by 117.
1
Calculate the remainder when 32248 is divided by 11740.
8768
What is the remainder when 3430645 is divided by 311?
4
Calculate the remainder when 8240015 is divided by 636.
635
What is the remainder when 157141 is divided by 27?
1
Calculate the remainder when 51349374 is divided by 4235.
4234
Calculate the remainder when 414050 is divided by 12534.
428
What is the remainder when 366031393 is divided by 220?
13
Calculate the remainder when 199282 is divided by 114.
10
Calculate the remainder when 6862595 is divided by 3364.
35
What is the remainder when 15055611 is divided by 267?
15
Calculate the remainder when 6064032 is divided by 7580.
32
Calculate the remainder when 15121 is divided by 15108.
13
Calculate the remainder when 12827107 is divided by 91.
20
What is the remainder when 302857827 is divided by 11?
8
What is the remainder when 116392 is divided by 73?
30
Calculate the remainder when 6345264 is divided by 213.
207
Calculate the remainder when 6005289 is divided by 12.
9
What is the remainder when 1373725 is divided by 1232?
45
Calculate the remainder when 684059 is divided by 684040.
19
What is the remainder when 1478061 is divided by 84?
81
Calculate the remainder when 9112237 is divided by 5015.
4997
What is the remainder when 2333354 is divided by 212102?
232
Calculate the remainder when 16963 is divided by 5059.
1786
What is the remainder when 21682 is divided by 1094?
896
What is the remainder when 4939429 is divided by 9047?
8814
What is the remainder when 127869 is divided by 656?
605
What is the remainder when 4017261 is divided by 2008614?
33
What is the remainder when 951667 is divided by 59476?
51
Calculate the remainder when 59232824 is divided by 2820609.
35
What is the remainder when 5293655 is divided by 18191?
74
Calculate the remainder w